**2 - 3*s. What is the tens digit of r(4)?
2
Suppose -2*v - 8 = 2*g + g, 5*v = -g - 20. Suppose g = -0*o + 5*o. Suppose o = x - 0*x - 5. What is the units digit of x?
5
Let k(g) = g**2 - 5*g + 6. Suppose 0 = 4*b - 0*b - 16. Let a be k(b). Suppose a*d = -3*x - 2, -x + 3*x = 5*d - 14. What is the units digit of d?
2
Let d(q) = -q**3 - 9*q**2 + 5*q - 11. Let g(i) = 5*i**3 + 35*i**2 - 21*i + 43. Let b(u) = 9*d(u) + 2*g(u). What is the tens digit of b(11)?
2
Let m be (-2 - -2)/1 - 2. Let u(v) = -4*v - 3. Let c be u(m). Suppose -5*a - 3*s + 55 = 0, 34 = 4*a - c*s - 10. What is the units digit of a?
1
Suppose 3*m = 0, -3*r = -4*r - 5*m + 31. What is the tens digit of r?
3
Let x(l) be the first derivative of -3*l**2/2 - 2*l - 5. What is the units digit of x(-11)?
1
Let d(m) be the second derivative of -m**3/6 + 11*m**2 - m. Suppose w = 5*y - 50, -7 = 2*y - 5*y - 4*w. What is the units digit of d(y)?
3
Let l(k) be the second derivative of -k**5/20 + 5*k**4/6 - 3*k**3/2 + 13*k**2/2 + 4*k. What is the tens digit of l(9)?
1
Let y = -10 + 15. Suppose 0 = y*r - f - 8, 6 = -5*r - 5*f + 26. What is the units digit of r?
2
Suppose -11 = -5*i - 51. What is the tens digit of 142/9 - i/36?
1
Let h = -279 - -480. What is the hundreds digit of h?
2
Let c = -8 + 13. Let d(a) = -a**2 + 5*a + 4. Let u be d(c). Suppose u*m - 12 = m. What is the units digit of m?
4
Let d(f) = f**3 + 3*f**2 - f + 2. Let r(g) = -1. Let u(i) = -i + 5. Let x(s) = -r(s) + u(s). Let w be x(9). What is the units digit of d(w)?
5
Let j(z) = -98*z - 7. What is the tens digit of j(-2)?
8
Let k be 1 + 3 + 3 + -3. Suppose 0 = -k*t + 34 - 6. What is the units digit of t?
7
Let w be 10 - (-1 - (-3 + 6)). Suppose -w*n + 300 = -9*n. What is the units digit of n?
0
Suppose -4*k = -27 - 1093. What is the units digit of k?
0
Let v(c) = c**2 - c - 2. Let n(z) = z**3 - 7*z**2 + 6*z. Let o be n(6). Let g be v(o). What is the units digit of 64/12 + g/6?
5
Suppose -4*h = 12 - 0. Let v be (h/9 + 0)*-3. What is the units digit of 35/7*(2 - v)?
5
Suppose -3*h = -5*q + 47, q + 2*h - 7*h = 27. Suppose q + 37 = 4*m. Let z = m + -7. What is the units digit of z?
4
Let b(r) = 6*r + 15. Let m(y) = -4*y - 10. Let h(t) = 5*b(t) + 8*m(t). What is the tens digit of h(-9)?
1
Let p = 7 + -7. Let t = 20 - p. What is the tens digit of 368/t - (-6)/10?
1
What is the units digit of (-1062)/(-6)*1/3?
9
Suppose 2*n - 152 = y - 6*y, 3*y - 5*n - 116 = 0. What is the tens digit of y?
3
Suppose 5*z + 10 = 0, -8*y + 3*z = -5*y - 1023. What is the tens digit of y?
3
Let o = 18 - 13. What is the tens digit of (-2)/o + 82/5?
1
Let i = -10 + 20. Suppose i = -2*z, -5*z - 65 = 3*r + 2*r. What is the units digit of (-2)/(-8) - 54/r?
7
Let r = 5 - 5. Suppose -2*u + 6 + 4 = r. Suppose -d = -4*d + 12, -39 = -q - u*d. What is the tens digit of q?
1
Suppose -3*a - 22 = -y, a - 3*a = -4*y + 108. What is the units digit of y?
8
Let p be -4 + (0 - (-1)/1). Let a be 8/p*6/(-4). Suppose 2*h + a = -4*x, -2 - 7 = 3*x. What is the units digit of h?
4
Let t be (5 + -2)/((-3)/(-8)). What is the units digit of (2 + 2)*4/t?
2
What is the units digit of (-2)/13 + 1746/26?
7
Let t(a) be the first derivative of -3*a**2/2 + 2*a - 2. Let b be t(-4). Let h = 20 - b. What is the units digit of h?
6
Let b(x) = -x**2 + 9*x + 4. Suppose -2*y = 12 - 28. What is the tens digit of b(y)?
1
Suppose 50 + 20 = x. What is the units digit of x?
0
What is the units digit of 4/(-6)*(-13167)/42?
9
Let m = -56 + 134. What is the units digit of m?
8
Let u(j) = 2*j - 3. Let s be u(4). Let l = -10 - -12. Suppose -l*z = -s - 1. What is the units digit of z?
3
Let o(x) = -x + 2. Let h be 2/((-1)/(-4)*2). Suppose -h*a - 2*y - 6 = 0, -2*a + 5*y - 17 - 4 = 0. What is the units digit of o(a)?
5
Let t be 9/(-6)*(-72)/3. Suppose 3*k - t = 54. What is the units digit of k?
0
Let v(y) be the third derivative of y**5/60 - y**4/24 + y**3/2 - 3*y**2. Suppose 3 = -2*m + 11. What is the units digit of v(m)?
5
Suppose -4*s = 3*o - 4 - 5, 2*o = 5*s + 6. Let q = o + -7. What is the tens digit of -3 - (-15 - q/(-2))?
1
Suppose 4*u = 0, 3*n = 4*u + 23 + 67. What is the units digit of n?
0
Suppose -5*m - 4*u = -365, 3*m + 3*u = -0*u + 216. What is the tens digit of m?
7
Suppose 2*m - 4*m = -72. What is the units digit of m?
6
Let y(x) = x. Let c be y(4). What is the units digit of ((-14)/c)/((-1)/2)?
7
Let l = -18 - -19. Suppose -3*k = -k + 2. What is the units digit of l + 3 + k - -4?
7
Let u(i) = 2*i**2 + 16*i + 20. What is the units digit of u(-12)?
6
Let l(q) = -q**2 - 9*q - 10. Let u be l(-8). Let m(y) = -3*y + 2. What is the units digit of m(u)?
8
Let x(o) = -o**3 + 4*o**2 + 6*o - 2. What is the units digit of x(4)?
2
Suppose 24 = 7*w - 221. What is the tens digit of w?
3
What is the units digit of 296/8 + (-3 - -2)?
6
Let g = -25 - -25. Suppose -3*z + 33 + 33 = g. What is the tens digit of z?
2
Suppose -2*t = -5*t + 21. Suppose -n = -b - t, -b - 4 = -5*b - 4*n. Let y = 5 + b. What is the units digit of y?
2
Suppose 5 + 28 = a. Let t = a - 22. What is the units digit of t?
1
Let a(x) = x - x + x + 0. Let q be a(-2). What is the units digit of (-5 + (0 - q))/(-3)?
1
Let h be (0 - -6)*(-2)/(-6). Suppose -4*f = -8, -h*f = -5*y - 6*f + 38. What is the units digit of y?
6
Suppose k + 0 = -4*x + 18, 10 = 5*k. What is the tens digit of -2 - (-17 + (x - 3))?
1
Let m(h) be the third derivative of h**4/24 + h**2. Let u be m(2). Suppose -u*c = -6*c + 24. What is the units digit of c?
6
Suppose -4*s = 5*y + 47, -s - 2*s = -5*y - 26. Let k = y - -16. What is the units digit of k?
9
Suppose 4*d - 152 = -0*d. Let m be d/(-12) - 1/(-6). What is the units digit of 1/m - (-150)/18?
8
Suppose -3*s - 3*g + 276 = 0, -5*s = -s - 3*g - 403. What is the units digit of s?
7
Let n(s) be the third derivative of s**4/24 + 4*s**2. Suppose 0 = -2*h + 3 - 1. What is the units digit of n(h)?
1
Let a(y) = 2*y**3 + y**2 + y - 1. Let v(h) = 3 + 1 + 4*h - 3 + h**2. Let k be v(-4). What is the units digit of a(k)?
3
Suppose 3*o + 0*o = 6. Let v be o - (8 - -3)/(-1). Let q = 24 - v. What is the tens digit of q?
1
Suppose -m = 2*m - 9. Suppose m*i + 28 = 7*i - 3*q, 2*i = -4*q - 8. What is the units digit of i?
4
Let j = -2 - -5. Let f(l) = l**3 + l + 0*l**2 + j*l**2 - 2 - 2*l**3. What is the units digit of f(3)?
1
What is the units digit of ((-4)/(-10))/(10/1700)?
8
Let f = 176 - 85. What is the tens digit of f?
9
Let g(u) = -u**3 + 4*u**2 + u - 6. Let z be g(5). Let i be z*2/4*-1. Suppose 2*m - i = 11. What is the units digit of m?
2
Suppose r = -p - 3*p + 115, p - 34 = 5*r. What is the units digit of p?
9
Let u = 284 - 148. What is the tens digit of u?
3
Let t(n) be the first derivative of -n**2/2 + n - 1. What is the units digit of t(-4)?
5
Suppose 3*r - 5*f + 10 = 0, -r - 2*r + 10 = 5*f. Suppose 0 = -4*m - k - 0 + 1, r = k - 1. Suppose t = -m*t + 4. What is the units digit of t?
4
Suppose -24 = 2*y + y - 3*u, 2*y + 5*u - 19 = 0. What is the units digit of -1 + (-1)/(y/12)?
3
Let s be (-2*2)/8*-40. Suppose 5*z - 20 - s = 0. What is the units digit of z?
8
Let r(k) = 4*k**2 - 3*k - 5. Let d be r(-2). Let l = 27 - d. What is the tens digit of l?
1
Suppose -5*z + 5 = -4*n, 7 = n + 2. Suppose 0 = -z*k - 0*k + 2*l + 18, 3*k - 13 = -l. Let m(s) = -s**2 + 6*s - 6. What is the units digit of m(k)?
2
Let x = 50 + -76. What is the units digit of 14/6*(-5 - x)?
9
Let k = -227 + 371. What is the units digit of k?
4
Let g(v) = -2*v + 4. Let w be g(4). Let q = 2 - w. What is the units digit of q?
6
Suppose 3*m - 4*m - 5*t - 3 = 0, 2*t = 5*m - 66. What is the units digit of 3/((-6)/(-4)) + m?
4
Let f(y) = y**2 - 7*y - 1. Let a = 23 + -16. Let v be f(a). What is the units digit of (v/2)/((-2)/4)?
1
Suppose 3*a - 2*a - 14 = 0. Let g(n) = n**3 - 14*n**2 + 2*n + 5. What is the units digit of g(a)?
3
Let x = -3 + 3. Suppose a = -x*a. Suppose 3*t = f + 3, 2*f + t = -a*f + 15. What is the units digit of f?
6
Let m(u) = -u**2 - u + 2. Let h be m(2). Let p(g) = 2*g**2 - 7*g + 5. Let t be p(4). Let x = t + h. What is the units digit of x?
5
Suppose -y + 5*k = -21, 3*k = 3*y - 2*k - 113. What is the units digit of y?
6
Let d(h) = 2*h**2 + 8*h + 3. Let u = -8 + 3. What is the units digit of d(u)?
3
What is the tens digit of 5481/45 - (4/(-10))/2?
2
Let l b